{"id":1277,"date":"2025-05-01T17:48:19","date_gmt":"2025-05-01T17:48:19","guid":{"rendered":"https:\/\/bohoblissbudapest.com\/?page_id=1277"},"modified":"2025-05-09T17:54:13","modified_gmt":"2025-05-09T17:54:13","slug":"our-amenities","status":"publish","type":"page","link":"https:\/\/bohoblissbudapest.com\/hun\/our-amenities\/","title":{"rendered":"Felszerelts\u00e9g"},"content":{"rendered":"<div class=\"wp-block-getwid-section alignfull alignfull getwid-margin-top-none getwid-margin-bottom-none\"><div class=\"wp-block-getwid-section__wrapper getwid-padding-top-none getwid-padding-bottom-none getwid-padding-left-medium getwid-padding-right-medium getwid-padding-mobile-left-small getwid-padding-mobile-right-small\"><div class=\"wp-block-getwid-section__inner-wrapper\"><div class=\"wp-block-getwid-section__background-holder\"><div class=\"wp-block-getwid-section__background\"><\/div><div class=\"wp-block-getwid-section__foreground\"><\/div><\/div><div class=\"wp-block-getwid-section__content\"><div class=\"wp-block-getwid-section__inner-content\">\n<div class=\"wp-block-getwid-advanced-heading is-style-style-1 has-custom-font-size\" style=\"font-size:12px;margin-bottom:0px;margin-top:80px\"><p class=\"wp-block-getwid-advanced-heading__content\" style=\"text-transform:uppercase;letter-spacing:0.1em\">MINDENT A K\u00c9NYELEM\u00c9RT<\/p><\/div>\n\n\n\n<div class=\"wp-block-getwid-advanced-heading is-style-default\" style=\"margin-bottom:60px;margin-top:10px\"><h2 class=\"wp-block-getwid-advanced-heading__content\">Felszerelts\u00e9g<\/h2><\/div>\n\n\n\n<p>A Boho Bliss nem csup\u00e1n egy sz\u00e1ll\u00e1s \u2013 egy olyan hely, ahol a k\u00e9nyelem, a praktikum \u00e9s a st\u00edlus tal\u00e1lkozik.<\/p>\n\n\n\n<div class=\"wp-block-columns has-2-columns is-layout-flex wp-container-core-columns-is-layout-9d6595d7 wp-block-columns-is-layout-flex\">\n<div class=\"wp-block-column is-layout-flow wp-block-column-is-layout-flow\">\n<div class=\"wp-block-getwid-advanced-heading is-style-default\" style=\"margin-top:10px\"><h4 class=\"wp-block-getwid-advanced-heading__content\">Ami n\u00e1lunk alap<\/h4><\/div>\n\n\n\n<p><strong>Free Wi-Fi<\/strong><br>Gyors \u00e9s megb\u00edzhat\u00f3 internetkapcsolat a zavartalan munk\u00e1hoz vagy kikapcsol\u00f3d\u00e1shoz.<\/p>\n\n\n\n<p><strong>TV nemzetk\u00f6zi csatorn\u00e1kkal<\/strong><br>Pihenj v\u00e1ltozatos helyi \u00e9s nemzetk\u00f6zi m\u0171sorokkal.<\/p>\n\n\n\n<p><strong>Teljesen felszerelt konyha<\/strong><br>F\u0151z\u0151lap, mikrohull\u00e1m\u00fa s\u00fct\u0151, h\u0171t\u0151szekr\u00e9ny, v\u00edzforral\u00f3, keny\u00e9rpir\u00edt\u00f3 \u00e9s minden alapvet\u0151 f\u0151z\u0151eszk\u00f6z.<\/p>\n\n\n\n<p><strong>K\u00e1v\u00e9f\u0151z\u0151 \u00e9s teakuck\u00f3<\/strong><br>Kezdd a napot egy cs\u00e9sze forr\u00f3 itallal.<\/p>\n\n\n\n<p><strong>Friss t\u00f6r\u00f6lk\u00f6z\u0151 \u00e9s \u00e1gynem\u0171<\/strong><br>Minden \u00e9rkez\u00e9s el\u0151tt gondosan el\u0151k\u00e9sz\u00edtve.<\/p>\n\n\n\n<p><strong>Hajsz\u00e1r\u00edt\u00f3, vasal\u00f3 \u00e9s vasal\u00f3deszka<\/strong><\/p>\n\n\n\n<p><strong>Alapvet\u0151 piperecikkek<\/strong><br>Sampon, szappan \u00e9s egy\u00e9b k\u00e9nyelmi felszerel\u00e9s.<\/p>\n\n\n\n<p><strong>Sz\u00e9f<\/strong><br>Hogy \u00e9rt\u00e9keid biztons\u00e1gban legyenek.<\/p>\n\n\n\n<p><strong>F\u0171t\u00e9s \u00e9s l\u00e9gkondicion\u00e1l\u00e1s<\/strong><br>Eg\u00e9sz \u00e9vben kellemes h\u0151m\u00e9rs\u00e9klet, egy\u00e9nileg szab\u00e1lyozhat\u00f3.<\/p>\n\n\n\n<p><strong>Boho st\u00edlus \u00e9s csendes k\u00f6rnyezet<\/strong><br>Egy fels\u0151 emeleti, bels\u0151 udvarra n\u00e9z\u0151 apartman nyugalma \u00e9s hangulata.<\/p>\n<\/div>\n\n\n\n<div class=\"wp-block-column is-layout-flow wp-block-column-is-layout-flow\">\n<div class=\"wp-block-getwid-advanced-heading is-style-default\" style=\"margin-top:10px\"><h4 class=\"wp-block-getwid-advanced-heading__content\">Csal\u00e1dbar\u00e1t felszerel\u00e9s (k\u00e9r\u00e9sre el\u00e9rhet\u0151)<\/h4><\/div>\n\n\n\n<p>Baba\u00e1gy<\/p>\n\n\n\n<p>Etet\u0151sz\u00e9k<\/p>\n\n\n\n<p>P\u00f3tpl\u00e9d \u00e9s \u00e1gynem\u0171<\/p>\n\n\n\n<p>Gyerekbar\u00e1t \u00e9tk\u00e9szlet<\/p>\n\n\n\n<div class=\"wp-block-getwid-advanced-heading is-style-default\" style=\"margin-top:10px\"><h4 class=\"wp-block-getwid-advanced-heading__content\">Csal\u00e1dbar\u00e1t felszerel\u00e9s (k\u00e9r\u00e9sre el\u00e9rhet\u0151)<\/h4><\/div>\n\n\n\n<p>Kontinent\u00e1lis reggeli<\/p>\n\n\n\n<p>Magyaros reggeli<\/p>\n\n\n\n<p>K\u00f6nny\u0171 reggeli<\/p>\n\n\n\n<p>Teljes reggeli (minden t\u00edpus kombin\u00e1ci\u00f3ja)<\/p>\n\n\n\n<div class=\"wp-block-getwid-advanced-heading is-style-default\" style=\"margin-top:10px\"><h4 class=\"wp-block-getwid-advanced-heading__content\">Breakfast Options (upon request)<\/h4><\/div>\n\n\n\n<p>Kontinent\u00e1lis reggeli<\/p>\n\n\n\n<p>Magyaros reggeli<\/p>\n\n\n\n<p>K\u00f6nny\u0171 reggeli<\/p>\n\n\n\n<p>Teljes reggeli (minden t\u00edpus kombin\u00e1ci\u00f3ja)<\/p>\n\n\n\n<div class=\"wp-block-getwid-advanced-heading is-style-default\" style=\"margin-top:10px\"><h4 class=\"wp-block-getwid-advanced-heading__content\">Kieg\u00e9sz\u00edt\u0151 szolg\u00e1ltat\u00e1sok<\/h4><\/div>\n\n\n\n<p>Rept\u00e9ri transzfer \u00e9s v\u00e1rosi fuvar (k\u00e9r\u00e9sre)<\/p>\n\n\n\n<p>Eserny\u0151, cip\u0151\u00e1pol\u00f3 k\u00e9szlet, varr\u00f3k\u00e9szlet<\/p>\n\n\n\n<p>Heti takar\u00edt\u00e1s hosszabb tart\u00f3zkod\u00e1s eset\u00e9n (napi takar\u00edt\u00e1s fel\u00e1r ellen\u00e9ben)<\/p>\n\n\n\n<p>K\u00f6zeli mosoda a Garay t\u00e9ren (2 perc s\u00e9t\u00e1ra). Ig\u00e9ny eset\u00e9n mos\u00e1s \u00e9s vasal\u00e1s<\/p>\n<\/div>\n<\/div>\n\n\n\n<div class=\"wp-block-columns has-2-columns is-layout-flex wp-container-core-columns-is-layout-9d6595d7 wp-block-columns-is-layout-flex\">\n<div class=\"wp-block-column is-layout-flow wp-block-column-is-layout-flow\">\n<figure class=\"wp-block-image size-full is-style-default\"><img loading=\"lazy\" decoding=\"async\" width=\"800\" height=\"800\" src=\"https:\/\/bohoblissbudapest.com\/wp-content\/uploads\/2025\/05\/fully-equipped-apartment-to-stay-in-budapest.jpg\" alt=\"\" class=\"wp-image-1432\" srcset=\"https:\/\/bohoblissbudapest.com\/wp-content\/uploads\/2025\/05\/fully-equipped-apartment-to-stay-in-budapest.jpg 800w, https:\/\/bohoblissbudapest.com\/wp-content\/uploads\/2025\/05\/fully-equipped-apartment-to-stay-in-budapest-300x300.jpg 300w, https:\/\/bohoblissbudapest.com\/wp-content\/uploads\/2025\/05\/fully-equipped-apartment-to-stay-in-budapest-150x150.jpg 150w, https:\/\/bohoblissbudapest.com\/wp-content\/uploads\/2025\/05\/fully-equipped-apartment-to-stay-in-budapest-768x768.jpg 768w\" sizes=\"auto, (max-width: 800px) 100vw, 800px\" \/><\/figure>\n\n\n\n<figure class=\"wp-block-image size-full is-style-default\"><img loading=\"lazy\" decoding=\"async\" width=\"800\" height=\"800\" src=\"https:\/\/bohoblissbudapest.com\/wp-content\/uploads\/2025\/05\/book-a-home-in-budapest.jpg\" alt=\"\" class=\"wp-image-1420\" srcset=\"https:\/\/bohoblissbudapest.com\/wp-content\/uploads\/2025\/05\/book-a-home-in-budapest.jpg 800w, https:\/\/bohoblissbudapest.com\/wp-content\/uploads\/2025\/05\/book-a-home-in-budapest-300x300.jpg 300w, https:\/\/bohoblissbudapest.com\/wp-content\/uploads\/2025\/05\/book-a-home-in-budapest-150x150.jpg 150w, https:\/\/bohoblissbudapest.com\/wp-content\/uploads\/2025\/05\/book-a-home-in-budapest-768x768.jpg 768w\" sizes=\"auto, (max-width: 800px) 100vw, 800px\" \/><\/figure>\n<\/div>\n\n\n\n<div class=\"wp-block-column is-layout-flow wp-block-column-is-layout-flow\">\n<figure class=\"wp-block-image size-full is-style-default\"><img loading=\"lazy\" decoding=\"async\" width=\"800\" height=\"800\" src=\"https:\/\/bohoblissbudapest.com\/wp-content\/uploads\/2025\/05\/short-term-apartment-in-budapest-near-keleti-station.jpg\" alt=\"\" class=\"wp-image-1438\" srcset=\"https:\/\/bohoblissbudapest.com\/wp-content\/uploads\/2025\/05\/short-term-apartment-in-budapest-near-keleti-station.jpg 800w, https:\/\/bohoblissbudapest.com\/wp-content\/uploads\/2025\/05\/short-term-apartment-in-budapest-near-keleti-station-300x300.jpg 300w, https:\/\/bohoblissbudapest.com\/wp-content\/uploads\/2025\/05\/short-term-apartment-in-budapest-near-keleti-station-150x150.jpg 150w, https:\/\/bohoblissbudapest.com\/wp-content\/uploads\/2025\/05\/short-term-apartment-in-budapest-near-keleti-station-768x768.jpg 768w\" sizes=\"auto, (max-width: 800px) 100vw, 800px\" \/><\/figure>\n\n\n\n<figure class=\"wp-block-image size-full is-style-default\"><img loading=\"lazy\" decoding=\"async\" width=\"800\" height=\"800\" src=\"https:\/\/bohoblissbudapest.com\/wp-content\/uploads\/2025\/05\/business-trip-budapest.jpg\" alt=\"\" class=\"wp-image-1426\" srcset=\"https:\/\/bohoblissbudapest.com\/wp-content\/uploads\/2025\/05\/business-trip-budapest.jpg 800w, https:\/\/bohoblissbudapest.com\/wp-content\/uploads\/2025\/05\/business-trip-budapest-300x300.jpg 300w, https:\/\/bohoblissbudapest.com\/wp-content\/uploads\/2025\/05\/business-trip-budapest-150x150.jpg 150w, https:\/\/bohoblissbudapest.com\/wp-content\/uploads\/2025\/05\/business-trip-budapest-768x768.jpg 768w\" sizes=\"auto, (max-width: 800px) 100vw, 800px\" \/><\/figure>\n<\/div>\n<\/div>\n<\/div><\/div><\/div><\/div><\/div>\n\n\n\n<div class=\"wp-block-columns has-2-columns is-layout-flex wp-container-core-columns-is-layout-9d6595d7 wp-block-columns-is-layout-flex\">\n<div class=\"wp-block-column is-layout-flow wp-block-column-is-layout-flow\"><\/div>\n\n\n\n<div class=\"wp-block-column is-layout-flow wp-block-column-is-layout-flow\"><\/div>\n<\/div>","protected":false},"excerpt":{"rendered":"<p>A Boho Bliss t\u00f6k\u00e9letes egyens\u00falyt k\u00edn\u00e1l st\u00edlus, k\u00e9nyelem \u00e9s elhelyezked\u00e9s k\u00f6z\u00f6tt \u2013 egy nyugodt mened\u00e9k, ahonnan k\u00f6nnyed\u00e9n el\u00e9rhet\u0151 a v\u00e1ros pezsg\u0151 k\u00f6zpontja.<\/p>","protected":false},"author":1,"featured_media":1396,"parent":0,"menu_order":0,"comment_status":"closed","ping_status":"closed","template":"","meta":{"om_disable_all_campaigns":false,"inline_featured_image":false,"_monsterinsights_skip_tracking":false,"_monsterinsights_sitenote_active":false,"_monsterinsights_sitenote_note":"","_monsterinsights_sitenote_category":0,"footnotes":""},"class_list":["post-1277","page","type-page","status-publish","has-post-thumbnail","hentry"],"aioseo_notices":[],"_links":{"self":[{"href":"https:\/\/bohoblissbudapest.com\/hun\/wp-json\/wp\/v2\/pages\/1277","targetHints":{"allow":["GET"]}}],"collection":[{"href":"https:\/\/bohoblissbudapest.com\/hun\/wp-json\/wp\/v2\/pages"}],"about":[{"href":"https:\/\/bohoblissbudapest.com\/hun\/wp-json\/wp\/v2\/types\/page"}],"author":[{"embeddable":true,"href":"https:\/\/bohoblissbudapest.com\/hun\/wp-json\/wp\/v2\/users\/1"}],"replies":[{"embeddable":true,"href":"https:\/\/bohoblissbudapest.com\/hun\/wp-json\/wp\/v2\/comments?post=1277"}],"version-history":[{"count":6,"href":"https:\/\/bohoblissbudapest.com\/hun\/wp-json\/wp\/v2\/pages\/1277\/revisions"}],"predecessor-version":[{"id":1455,"href":"https:\/\/bohoblissbudapest.com\/hun\/wp-json\/wp\/v2\/pages\/1277\/revisions\/1455"}],"wp:featuredmedia":[{"embeddable":true,"href":"https:\/\/bohoblissbudapest.com\/hun\/wp-json\/wp\/v2\/media\/1396"}],"wp:attachment":[{"href":"https:\/\/bohoblissbudapest.com\/hun\/wp-json\/wp\/v2\/media?parent=1277"}],"curies":[{"name":"wp","href":"https:\/\/api.w.org\/{rel}","templated":true}]}}